{"id":146,"date":"2016-06-28T17:00:39","date_gmt":"2016-06-28T22:00:39","guid":{"rendered":"http:\/\/www.radiotaxiradio.com\/web\/?page_id=146"},"modified":"2024-06-29T13:48:31","modified_gmt":"2024-06-29T18:48:31","slug":"mision-y-vision","status":"publish","type":"page","link":"https:\/\/www.radiotaxiradio.com\/web\/mision-y-vision","title":{"rendered":"Misi\u00f3n y Visi\u00f3n"},"content":{"rendered":"<p><a href=\"http:\/\/www.radiotaxiradio.com\/web\/wp-content\/uploads\/2016\/06\/banner_mision_RadioTaxiRadio.jpg\"><img loading=\"lazy\" decoding=\"async\" class=\"alignnone size-full wp-image-173\" src=\"http:\/\/www.radiotaxiradio.com\/web\/wp-content\/uploads\/2016\/06\/banner_mision_RadioTaxiRadio.jpg\" alt=\"banner_mision_RadioTaxiRadio\" width=\"1010\" height=\"184\" srcset=\"https:\/\/www.radiotaxiradio.com\/web\/wp-content\/uploads\/2016\/06\/banner_mision_RadioTaxiRadio.jpg 1010w, https:\/\/www.radiotaxiradio.com\/web\/wp-content\/uploads\/2016\/06\/banner_mision_RadioTaxiRadio-300x55.jpg 300w, https:\/\/www.radiotaxiradio.com\/web\/wp-content\/uploads\/2016\/06\/banner_mision_RadioTaxiRadio-768x140.jpg 768w, https:\/\/www.radiotaxiradio.com\/web\/wp-content\/uploads\/2016\/06\/banner_mision_RadioTaxiRadio-1002x184.jpg 1002w\" sizes=\"auto, (max-width: 1010px) 100vw, 1010px\" \/><\/a><\/p>\n<p style=\"text-align: justify;\">Somos una empresa l\u00edder pionera que presta el servicio de transporte publico terrestre automotor individual de pasajeros en veh\u00edculos taxi operando con nuestra APP RTR C\u00daCUTA, en los municipios conformados por el \u00c1rea Metropolitana, con conductores certificados, comprometidos a prestar un servicio con honestidad, seguridad y calidad que compense las necesidades de todos nuestros usuarios.<\/p>\n<p><a href=\"http:\/\/www.radiotaxiradio.com\/web\/wp-content\/uploads\/2016\/06\/banner_vision_RadioTaxiRadio.jpg\"><img loading=\"lazy\" decoding=\"async\" class=\"alignnone size-full wp-image-174\" src=\"http:\/\/www.radiotaxiradio.com\/web\/wp-content\/uploads\/2016\/06\/banner_vision_RadioTaxiRadio.jpg\" alt=\"banner_vision_RadioTaxiRadio\" width=\"1010\" height=\"184\" srcset=\"https:\/\/www.radiotaxiradio.com\/web\/wp-content\/uploads\/2016\/06\/banner_vision_RadioTaxiRadio.jpg 1010w, https:\/\/www.radiotaxiradio.com\/web\/wp-content\/uploads\/2016\/06\/banner_vision_RadioTaxiRadio-300x55.jpg 300w, https:\/\/www.radiotaxiradio.com\/web\/wp-content\/uploads\/2016\/06\/banner_vision_RadioTaxiRadio-768x140.jpg 768w, https:\/\/www.radiotaxiradio.com\/web\/wp-content\/uploads\/2016\/06\/banner_vision_RadioTaxiRadio-1002x184.jpg 1002w\" sizes=\"auto, (max-width: 1010px) 100vw, 1010px\" \/><\/a><\/p>\n<p style=\"text-align: justify;\">Para el a\u00f1o 2030 seguiremos fortaleciendo la empresa como l\u00edder operadora m\u00e1s confiable en el sector transporte modalidad taxi en la ciudad de C\u00facuta, y su \u00c1rea Metropolitana, dando cumplimiento a los sistemas de gesti\u00f3n y seguridad en el trabajo y el plan estrat\u00e9gico de seguridad vial PESV, con recursos humanos, actos para la labor de conducci\u00f3n, debidamente capacitados y con una estructura t\u00e9cnico administrativa que responda a las exigencias de una sociedad moderna manteni\u00e9ndonos a la vanguardia del bienestar social.<\/p>\n","protected":false},"excerpt":{"rendered":"<p>Somos una empresa l\u00edder pionera que presta el servicio de transporte publico terrestre automotor individual de pasajeros en veh\u00edculos taxi operando con nuestra APP RTR C\u00daCUTA, en los municipios conformados por el \u00c1rea Metropolitana, con conductores certificados, comprometidos a prestar un servicio con honestidad, seguridad y calidad que compense las necesidades de todos nuestros usuarios.<a class=\"read-more\" href=\"https:\/\/www.radiotaxiradio.com\/web\/mision-y-vision\"> [&hellip;]<\/a><\/p>\n","protected":false},"author":1,"featured_media":0,"parent":0,"menu_order":0,"comment_status":"closed","ping_status":"closed","template":"","meta":{"footnotes":""},"class_list":["post-146","page","type-page","status-publish","hentry"],"_links":{"self":[{"href":"https:\/\/www.radiotaxiradio.com\/web\/wp-json\/wp\/v2\/pages\/146","targetHints":{"allow":["GET"]}}],"collection":[{"href":"https:\/\/www.radiotaxiradio.com\/web\/wp-json\/wp\/v2\/pages"}],"about":[{"href":"https:\/\/www.radiotaxiradio.com\/web\/wp-json\/wp\/v2\/types\/page"}],"author":[{"embeddable":true,"href":"https:\/\/www.radiotaxiradio.com\/web\/wp-json\/wp\/v2\/users\/1"}],"replies":[{"embeddable":true,"href":"https:\/\/www.radiotaxiradio.com\/web\/wp-json\/wp\/v2\/comments?post=146"}],"version-history":[{"count":9,"href":"https:\/\/www.radiotaxiradio.com\/web\/wp-json\/wp\/v2\/pages\/146\/revisions"}],"predecessor-version":[{"id":2398,"href":"https:\/\/www.radiotaxiradio.com\/web\/wp-json\/wp\/v2\/pages\/146\/revisions\/2398"}],"wp:attachment":[{"href":"https:\/\/www.radiotaxiradio.com\/web\/wp-json\/wp\/v2\/media?parent=146"}],"curies":[{"name":"wp","href":"https:\/\/api.w.org\/{rel}","templated":true}]}}